 q?
3
Suppose 5*a - 2*t - 402 = 0, -3*t - 236 = -3*a - 7*t. What is the units digit of 33/2 + (-8)/(a/(-15))?
8
Let p(n) be the first derivative of n**6/120 - n**4/24 + 9*n**3/2 - 5*n**2/2 + 6. Let i(w) be the second derivative of p(w). What is the units digit of i(0)?
7
What is the units digit of (-3642)/(-8) - (15/12 + -1)?
5
Suppose 184 = -o - 3*o. Let c = o + 22. What is the tens digit of (-230)/(-12) + 4/c?
1
Let q be 2/(-4 + 69/18). Let i be (1*q)/(-4) - 1. Let d = i + 43. What is the units digit of d?
5
Suppose 34*o + 156 = 35*o. Let d = o - 38. What is the units digit of d?
8
Suppose 4*a = -3*b + 643, -3*b + 383 = 3*a - 256. What is the units digit of b?
9
Suppose 2*d + 2*n = 7*d - 5030, 0 = -d - 3*n + 989. Suppose -y = -h - 252, -6*h - d = -4*y - h. What is the hundreds digit of y?
2
Suppose 0 = -2*m - 3*k + 173, -7 + 4 = -k. What is the tens digit of m?
8
Let y(p) = p + 6. Let j be y(0). Suppose 5*g - 62 = 5*q - 2, 2*q + 58 = 4*g. Let h = g - j. What is the tens digit of h?
1
Let u(v) be the first derivative of v**4/4 - 11*v**3/3 - 11*v**2/2 - 28*v - 29. What is the units digit of u(13)?
7
What is the tens digit of (-7)/7*(-3 + (-3378)/3)?
2
Suppose -110*p - 548 = -112*p. What is the hundreds digit of p?
2
Let b be (0 - 1)/(8/(-184)). Suppose -b*h - 3 = -24*h. What is the units digit of h?
3
Let l(n) = 46*n. Let g(s) = -1. Let o(m) = -g(m) + l(m). Suppose 0 = 5*x - 3*u - 17, -5*x + 2*u = -8*x - 5. What is the tens digit of o(x)?
4
Let o(n) = -n**3 + 6*n**2 - n + 8. Suppose -8*s - 18 = -66. Let l be o(s). Suppose a + l*a + 149 = 4*y, -5*a - 15 = 0. What is the units digit of y?
5
Let j(g) = g + 2. Let s be j(-6). Let l be ((-1)/(-2))/(s/568). Let i = 116 + l. What is the tens digit of i?
4
Suppose 2*t + 4*t = 4686. What is the tens digit of t?
8
Suppose 2*s - 695 = -3*f, -20 = 5*s - s. What is the units digit of f?
5
Let m be (-13)/(-26)*168/(-1). Let p = 128 + m. Suppose g = -3*j + p, -2*g + 47 = -g + 2*j. What is the units digit of g?
3
Suppose 0*i - i = -1. Let r be (-4)/(-6)*i*111. What is the units digit of 6/(-15) + r/10?
7
Let j = -60 - -43. Let c(s) = -s + 41. What is the tens digit of c(j)?
5
Suppose 186*v + 4*o = 189*v - 12390, o = 3*v - 12381. What is the hundreds digit of v?
1
Suppose 5*l - 23 = -2*u, -u + 4*l + 3 = 11. Suppose -u*w = 4*s - 0*w - 152, 3*w = -4*s + 154. Let c = s + -13. What is the tens digit of c?
2
Let x = 27 + -4. Let h = 43 + x. What is the tens digit of h?
6
Let y be 1 - (4 + -1) - -5. Suppose -y*f = -6*f + 66. What is the tens digit of f?
2
Let r = 12 - -58. Let f = 128 - r. Suppose f = -3*w + 145. What is the tens digit of w?
2
Let p be ((-57)/2)/((-6)/(-8)). Let z = p + 46. What is the units digit of z?
8
Let y = -2190 + 3479. What is the thousands digit of y?
1
Let g(u) = 180*u**2 + 9*u - 3. Let j be g(2). Suppose -8*s = -11*s + j. What is the units digit of s?
5
Let y(o) = -67*o - 136. What is the hundreds digit of y(-12)?
6
What is the units digit of -13*981/(-18)*2?
7
Suppose 5*k = i - 3*i + 4530, i - 1812 = -2*k. What is the hundreds digit of k?
9
Let b(j) = -5*j - 6. Let g be b(6). Let n be 4/(-14) - (-1784)/(-28). Let d = g - n. What is the units digit of d?
8
Let s(o) = -44*o + 458. What is the units digit of s(-82)?
6
Let z(u) = -6*u**2 + 10*u + 3. Let m be z(6). What is the tens digit of 1/(((-24)/m)/8)?
5
What is the units digit of ((-24)/(-30))/(((-12)/(-4))/3390)?
4
Let s = -164 + 242. Suppose 0 = 18*o - 15*o - s. What is the units digit of o?
6
What is the tens digit of (415 - 7/(-7))/1?
1
Suppose 0 = 5*h - 2*y - 11261, -35 = -3*y - 44. What is the hundreds digit of h?
2
Let k be (-2)/(-4) + 105/6. Let o = k + -14. What is the units digit of 0 + o + (39 - 2)?
1
Let r = -481 - -810. What is the tens digit of r?
2
Let z(f) = f**3 - 29*f**2 + f - 218. What is the tens digit of z(31)?
3
Suppose 6*b = 3*b + 12. Suppose 6 + 6 = -b*h, 87 = 4*a - 5*h. What is the units digit of a?
8
Let i = 122 + -4. Let m = i + -68. What is the units digit of m?
0
Let n be (-4440)/220 + 2/11. Let c(a) = a**3 + 20*a**2 - 5*a - 6. What is the tens digit of c(n)?
9
Let q = -95 + 95. Suppose -4*w + 536 = -q*w + s, -2*w = -s - 268. What is the tens digit of w?
3
What is the tens digit of (990/33)/((-227)/229 + 1)?
3
Suppose -2*w + 1350 = i, 0*w + 4*w - 2694 = -5*i. What is the units digit of w/6 - 6/(-18)?
3
Let u = -472 - -1094. What is the hundreds digit of u?
6
What is the units digit of (-9)/((-45)/(-1190))*60/(-14)?
0
Let u be (-11)/1 + 2 + -5. Let y be -3*-4*u/12. Let s = y - -27. What is the tens digit of s?
1
Let w = 91 + 474. What is the hundreds digit of w?
5
Suppose -3*v = d + 1, 5*v - 8 = 3*d + 9. What is the tens digit of -5 + 237/2 - (-2)/d?
1
Let x(s) = -s**2 - 5*s + 7. Let p be x(-6). Let z = p + 37. What is the units digit of z?
8
Let s(g) = -g**2 - 10*g - 3. Let m be s(-7). Let a(o) = 0 - m*o + 1 - 5. What is the units digit of a(-3)?
0
Suppose 3*u = 4*f + u - 1318, 2*u = -6. Suppose 2*q - q = -4*r + f, 5*r - 410 = -q. What is the units digit of r?
2
Let v(m) = -100*m + 11. What is the hundreds digit of v(-13)?
3
Let w(p) = p - 15. Let o(t) = t - 1. Let i(a) = 4*o(a) - w(a). Let v be i(-6). What is the tens digit of -2 - v*(-18)/(-3)?
4
Let f(a) = -4*a + 13. Let q(u) = -u**3 + 13*u**2 - 10*u - 24. Let s be q(12). What is the tens digit of f(s)?
1
Let u(j) = 75*j**3 - j**2 + j + 5. What is the hundreds digit of u(2)?
6
Let l(v) = -3*v - 9 + 4*v + 6. Let u be ((-5)/3)/(1/(-3)). What is the units digit of l(u)?
2
Let q = -18 + 38. Let j = q - -93. What is the units digit of j?
3
Let i = 17 - 13. Suppose -5*c + 3 = -i*c. What is the units digit of ((c - 1) + 0)/1?
2
Let c(w) = -3*w + 43. Let v be c(19). Let j(g) = -4*g - 7. What is the tens digit of j(v)?
4
Suppose 3*h = -0*h - 3. Let w = h + 6. Suppose -4*r - p + 8 = -42, -w*p = 4*r - 42. What is the units digit of r?
3
Let v(d) = -d**3 - 16*d**2 - 15*d - 60. What is the units digit of v(-23)?
8
Suppose t = n + 195 + 7, -4*n = 2*t - 380. Suppose -277 = -3*g + i, -4*i - t = -5*g + 3*g. What is the tens digit of g?
9
Suppose -5*x + i - 3*i = -11894, -x + 2395 = -5*i. What is the thousands digit of x?
2
Suppose 0*o = -5*o + 100. Suppose 3*i = -2*i - o. What is the units digit of (-6)/i + (-4)/(-8)?
2
Let b be 1/2*6 - 0. Let r(w) = 3*w - 7. Let l be r(b). Suppose -l*c + 3*g = -0*g - 36, -c + 18 = -5*g. What is the units digit of c?
8
Let d(h) = 2*h + 18. Let f be d(-7). Suppose -f*r = 4*s - 288, -3*s - s - 92 = -r. What is the units digit of r?
6
What is the hundreds digit of (3 - 1254/9)*-3?
4
Let o = -28 - -28. Let w be 4 - 2/(-8)*o. Suppose 0 = 2*m + 3*k - 45, -137 = -5*m + w*k + 33. What is the tens digit of m?
3
What is the tens digit of (-4)/(-6)*(-4)/(4/(-807))?
3
Let x(w) = -3*w + 2. Let u be x(0). Suppose -u*n - 139 = -3*j + 2*n, 3*n = 4*j - 197. What is the tens digit of j?
5
Suppose 4*j - 12438 = -4670. What is the hundreds digit of j?
9
Suppose -21 + 5858 = 13*r. What is the units digit of r?
9
Let x(q) = -q - 3. Suppose -6*k + 2*k - 52 = 0. Let y be k + ((-3)/3 - -3). What is the units digit of x(y)?
8
Let s = 75 + -75. Suppose 507 = 3*y + 2*v, s*y - 3*v + 343 = 2*y. What is the hundreds digit of y?
1
Let d be (-124)/(33/(-9) - -3). Suppose d = -15*r + 18*r. Suppose -r = -b - 4*l, -2*b + 104 - 16 = -l. What is the units digit of b?
6
Suppose d + 5 = -1. Let g = 203 + d. What is the tens digit of g?
9
What is the thousands digit of ((-608)/64)/((-1)/122)?
1
Let p(u) = u**2 - 4*u + 35. What is the units digit of p(-19)?
2
Suppose 6 = s + 1. Suppose -s*f = -5*n + 3 + 2, -3*n - 2*f + 18 = 0. Suppose 6*r = n*r + 84. What is the units digit of r?
2
Let o be 1 - (-3)/3*1. Let s(d) = 4*d - 4*d + o*d + 7*d. What is the units digit of s(1)?
9
Suppose 8*p - 6*p - 462 = 0. What is the tens digit of p?
3
Let q be (0 + 1)/((-3)/(-6)). Suppose 9 = q*s - s. Let n = s + 23. What is the tens digit of n?
3
Let z = -8 + -9. Let q = z + 18. What is the units digit of q?
1
Let t = -219 - -375. What is the hundreds digit of t?
1
Let p(i) = 5*i**3 + 5*i**2 + 3*i + 11. Suppose -2 = -3*b + b. Let k(q) = q**3 + q**2 + q + 1. Let x(u) = b*p(u) - 4*k(u). What is the units digit of x(0)?
7
Let u = 8 - -7. Let t(k) = 2*k - 10. What is the tens digit of t(u)?
2
Let i